24623110?
False
Is 194069867 a multiple of 63?
False
Is 19 a factor of 2318056?
False
Does 39 divide 453705366?
False
Does 43 divide 280379737?
True
Is 1343412856 a multiple of 7822?
True
Is 560046960 a multiple of 1940?
True
Is 19229894 a multiple of 674?
True
Is 4194808 a multiple of 48?
False
Is 86 a factor of 36465371?
False
Does 622 divide 230037370?
True
Is 68 a factor of 40467117?
False
Is 3024 a factor of 25191284?
False
Is 17836133 a multiple of 68?
False
Is 386 a factor of 532457664?
True
Is 5493479 a multiple of 4?
False
Is 189671179 a multiple of 79?
True
Does 13 divide 37516427?
True
Is 57 a factor of 82245313?
False
Is 17327010 a multiple of 246?
True
Does 46 divide 222774320?
True
Is 52 a factor of 18128657?
False
Is 25117624 a multiple of 28?
True
Is 306376932 a multiple of 3396?
True
Does 17 divide 591923?
True
Is 280683393 a multiple of 15?
False
Is 2069879868 a multiple of 8718?
True
Is 118 a factor of 444562570?
False
Is 867 a factor of 16244714?
False
Does 53 divide 68743491?
True
Does 742 divide 6983892911?
False
Is 745338478 a multiple of 23?
False
Does 4185 divide 181967264?
False
Is 71 a factor of 18610230?
False
Is 588345975 a multiple of 1575?
True
Is 538 a factor of 297404248?
True
Is 10970 a factor of 2341656200?
True
Is 22 a factor of 98820788?
True
Is 404496800 a multiple of 80?
True
Does 180 divide 328015620?
True
Does 2861 divide 135528431?
True
Is 168528464 a multiple of 2444?
True
Is 513 a factor of 21370041?
True
Is 2575415872 a multiple of 104?
False
Is 1451326143 a multiple of 405?
False
Is 429 a factor of 1891679639?
False
Does 76 divide 16525972?
True
Does 55 divide 22051645?
True
Is 13485266 a multiple of 100?
False
Does 56 divide 59419920?
True
Is 298150540 a multiple of 1708?
False
Is 49 a factor of 99741698?
False
Is 22 a factor of 216625935?
False
Is 75164530 a multiple of 204?
False
Is 7499 a factor of 1032432507?
False
Is 374 a factor of 115409668?
True
Is 1322812032 a multiple of 12?
True
Is 18745344 a multiple of 144?
True
Is 98 a factor of 349191934?
True
Is 175389000 a multiple of 475?
True
Does 9545 divide 806857331?
False
Does 713 divide 273971676?
True
Is 29 a factor of 29594050?
False
Is 13 a factor of 613316458?
False
Is 239615260 a multiple of 1793?
False
Does 28 divide 202980283?
False
Is 434 a factor of 273421302?
True
Does 134 divide 190474793?
False
Does 54 divide 72296848?
False
Is 1871758980 a multiple of 3435?
True
Does 2060 divide 28216377?
False
Is 568 a factor of 2692320?
True
Is 151416950 even?
True
Does 101 divide 902793834?
False
Does 162 divide 73243602?
True
Is 21605742 a multiple of 1181?
False
Does 36 divide 203493924?
True
Is 41 a factor of 202950451?
True
Does 1985 divide 129920372?
False
Is 108750449 a multiple of 31?
True
Is 3164 a factor of 169228829?
False
Is 3033 a factor of 4588410357?
True
Is 5560898 a multiple of 66?
False
Is 204 a factor of 973343364?
True
Is 13 a factor of 2245399?
True
Does 6702 divide 862473848?
False
Is 14446698 a multiple of 609?
True
Is 2215825794 a multiple of 5183?
True
Does 35 divide 245102130?
True
Is 31547339 a multiple of 7?
False
Does 24 divide 830824481?
False
Is 287 a factor of 22545964?
False
Is 115219953 a multiple of 100?
False
Is 3 a factor of 774421182?
True
Is 17 a factor of 3356795035?
False
Is 4258394 a multiple of 125?
False
Is 142767024 a multiple of 3812?
True
Is 96 a factor of 12461088?
True
Is 342426009 a multiple of 647?
False
Is 94 a factor of 120332502?
True
Is 45236445 a multiple of 4?
False
Is 31 a factor of 201782534?
True
Is 387 a factor of 90271233?
True
Is 148959306 a multiple of 5?
False
Is 1262 a factor of 901451648?
True
Is 1037055 a multiple of 15?
True
Is 736178849 a multiple of 71?
False
Is 20120890 a multiple of 995?
True
Is 2815525338 a multiple of 40?
False
Is 17720645 a multiple of 47?
True
Is 18929929 a multiple of 5?
False
Is 211622675 a multiple of 261?
False
Does 141 divide 3067173?
True
Is 7 a factor of 22831795?
True
Is 971436 a multiple of 12?
True
Is 130659482 a multiple of 1749?
False
Is 291570962 a multiple of 773?
True
Is 193 a factor of 109769908?
True
Is 83874141 a multiple of 17?
True
Is 189815540 a multiple of 334?
True
Does 351 divide 699119694?
True
Is 20236020 a multiple of 15?
True
Is 37 a factor of 10040653?
True
Is 47 a factor of 73026767?
True
Is 151 a factor of 2759705120?
False
Does 484 divide 109065528?
True
Is 7 a factor of 14876239?
True
Is 3483 a factor of 257802563?
False
Is 19055008 a multiple of 2648?
True
Is 15321372 a multiple of 114?
True
Is 30 a factor of 1813285768?
False
Does 88 divide 15328632?
True
Is 16656959 a multiple of 11?
True
Is 418579720 a multiple of 40?
True
Is 96198844 a multiple of 4?
True
Is 28721439 a multiple of 7?
False
Is 18584393 a multiple of 1755?
False
Is 1600 a factor of 12329126?
False
Does 4469 divide 69158723?
False
Is 32801626 a multiple of 317?
False
Does 3 divide 22527573?
True
Is 289943234 a multiple of 223?
False
Does 842 divide 12592110?
True
Does 1682 divide 67698192?
False
Does 50 divide 84582821?
False
Is 1154 a factor of 9240009?
False
Is 35 a factor of 20929615?
True
Is 32 a factor of 608388800?
True
Is 104678244 a multiple of 92?
True
Does 6104 divide 182827008?
True
Is 13740996 a multiple of 126?
False
Is 649738329 a multiple of 246?
False
Is 2100661 a multiple of 25?
False
Is 660136762 a multiple of 4?
False
Is 743388979 a multiple of 2881?
False
Does 148 divide 12869784?
True
Does 23 divide 92365740?
False
Is 31244657 a multiple of 1241?
True
Does 8 divide 290894871?
False
Is 2644 a factor of 69420864?
True
Is 528 a factor of 2199982?
False
Does 22 divide 109762246?
True
Does 1294 divide 182347892?
True
Is 11200446 a multiple of 148?
False
Is 239 a factor of 269745199?
True
Is 408353100 a multiple of 9?
False
Is 21366148 a multiple of 330?
False
Is 8 a factor of 929127521?
False
Is 12686400 a multiple of 341?
False
Is 1322264472 a multiple of 4282?
True
Is 277 a factor of 34769954?
False
Is 651928267 a multiple of 804?
False
Is 1288 a factor of 34540720?
False
Does 12 divide 10467708?
True
Is 503063607 a multiple of 141?
True
Is 26948476 even?
True
Does 20 divide 311070859?
False
Is 14 a factor of 35674408?
True
Does 92 divide 35243084?
True
Is 63981395 a multiple of 135?
False
Is 9 a factor of 9055685?
False
Is 432380272 a multiple of 1264?
True
Is 110 a factor of 35767380?
True
Is 196997922 a multiple of 4983?
True
Is 15 a factor of 45699840?
True
Is 11 a factor of 651915792?
True
Is 311330758 a multiple of 51?
False
Is 11 a factor of 20486653?
True
Is 162701450 a multiple of 867?
False
Is 13686912 a multiple of 48?
True
Is 176326100 a multiple of 1115?
True
Is 21352068 a multiple of 139?
True
Is 1328 a factor of 816721497?
False
Is 4956160 a multiple of 440?
True
Is 47 a factor of 12167465?
False
Does 50 divide 1240901000?
True
Does 163 divide 47960957?
True
Is 315 a factor of 12216982?
False
Is 883 a factor of 1183162605?
True
Is 209 a factor of 1536777209?
True
Is 1128 a factor of 103992576?
True
Is 63839423 a multiple of 777?
False
Does 84 divide 1056168754?
False
Is 57 a factor of 117376520?
False
Is 2557 a factor of 249077370?
True
Does 2063 divide 531552256?
False
Does 2 divide 14831476?
True
Does 109 divide 301470611?
False
Is 2 a factor of 9233410?
True
Is 4817 a factor of 87538078?
False
Is 681422443 a multiple of 13?
True
Does 54 divide 104623218?
True
Does 1092 divide 79726855?
False
Is 9316041 a multiple of 413?
True
Is 184998271 a multiple of 205?
False
Is 382 a factor of 36483292?
True
Is 342 a factor of 326897622?
True
Does 44 divide 13829860?
True
Is 1163467825 a multiple of 845?
True
Does 616 divide 439398344?
True
Is 1268 a factor of 1186608199?
False
Is 43 a factor of 54511659?
True
Is 261 a factor of 2154321?
False
Does 152 divide 25240664?
True
Is 4 a factor of 14009125?
False
Is 609137417 a multiple of 1398?
False
Does 1174 divide 6243332?
True
Is 1603 a factor of 68579546?
True
Is 58 a factor of 403128649?
False
Is 24711727 a multiple of 53?
True
Is 701 a factor of 2602055219?
True
Does 74 divide 140679624?
True
Does 384 divide 1827380152?
False
Does 1390 divide 2573430?
False
Does 26 divide 10035038?
True
Is 642036505 a multiple of 62?
False
Does 1071 divide 2380745178?
True
Does 58 divid